ns digit of i?
6
Let u(g) = -2*g**3 + 7*g**2 - 5*g + 8. Let z be u(3). Suppose z*f = 6*f - 2356. What is the tens digit of f?
8
Suppose 5*p + 0*q + 2*q = 0, -5*q - 29 = -2*p. Suppose 2*y - 16 = 12. Suppose a - p = y. What is the units digit of a?
6
Let n be ((-444)/8)/(72/1824). Let i = 131 - n. What is the tens digit of i?
3
Let a(b) be the third derivative of 7*b**4/6 + 94*b**2 - 2. Let n = 12 + -9. What is the tens digit of a(n)?
8
Let o(x) = x**2 + 22*x + 30. Suppose -3*m = -7*m - 3*s + 43, -s = -5. Let j(b) = -b**3 + 8*b**2 - 7*b - 22. Let r be j(m). What is the tens digit of o(r)?
3
Let o(r) = 24*r - 4. Let s be o(1). Suppose -5*c + s = y, 5*y - 14 = c + 8. Let v(t) = 16*t**2 + 3*t - 4. What is the hundreds digit of v(c)?
1
Let c = 44 - 30. Suppose -2*l - c = s + 81, -4*s + 20 = 0. What is the units digit of (-3)/(-2) - 375/l?
9
Let y be (-15)/(-3) - (-10)/2. What is the tens digit of 469/y + (-4)/(-40)?
4
Let v(z) = -392*z - 5558. What is the thousands digit of v(-66)?
0
Suppose y - k = 20879, -2*k = 3*y - 34716 - 27921. What is the hundreds digit of y?
8
Suppose 4*m - 4*x = 2280, -4*x - 453 = -m + 123. What is the hundreds digit of m?
5
Let v(p) = 493*p - 41. Let x be v(-12). Let f be (x/69)/(2/6*1). Let c = -155 - f. What is the tens digit of c?
0
Let c(b) = b**3 - 59*b**2 + 139*b + 25. What is the thousands digit of c(61)?
5
Let u(c) = -c**3 + 4*c**2 - 2*c - 1. Let n be u(3). Let x(a) = -51 + 39 + 15*a + 31*a**n - 4*a**2 - 2*a**3. What is the units digit of x(14)?
2
Suppose 4*t - 4*o - 48604 = 0, -t = o - 8168 - 3989. What is the thousands digit of t?
2
Suppose -4*y + 4*f = -342016, -49*y + 38*y + 940532 = -5*f. What is the thousands digit of y?
5
Let i(k) = 2*k**3 + 4*k - 12. Let u(s) = 3*s. Suppose -6*d + 21 = -5*d - 4*m, 0 = d + 2*m + 9. Let j be u(d). What is the units digit of i(j)?
4
Suppose 74*p - 71*p = 5*t + 11, 0 = 2*p - 4*t - 8. Suppose 0 = -2*v + 85 - 13. Suppose v + 10 = p*a. What is the tens digit of a?
2
Suppose -3 = 5*b - 2*b. Let v(d) = 285*d**2 + d - 1. What is the hundreds digit of v(b)?
2
Let o = 138 - 142. What is the hundreds digit of 3/(o - (-15666)/3912)?
6
Suppose -2*w = -24 + 16. Suppose w*l + 6*l = 1860. What is the hundreds digit of l?
1
Suppose g + f + 45 = -91, 3*f = 5*g + 712. What is the units digit of (10/(g/(-63)))/(6/964)?
3
What is the ten thousands digit of -292*2298/(-28) + -19 + (-1340)/(-70)?
2
Let y(l) = -12*l - 64. Let m be y(-7). What is the tens digit of (36/(-30))/((-1)/m)?
2
Let g = 25 + -23. Suppose 2*h + 1331 = 12*r - 9*r, g*h - 884 = -2*r. What is the units digit of r?
3
Let t(j) be the first derivative of 25*j**2/2 + 8*j + 80. What is the units digit of t(12)?
8
Suppose 2*j + 3*f - 2530 = 0, 5*j - f = 7*j - 2534. Suppose j = 2*t + 68. What is the units digit of t?
0
Let t be 6 + -2 - (540/(-4) - -2). Let g = 6 + t. What is the units digit of g?
3
Let k be 3/(-7)*(-1073 + 16). Suppose k = 6*z - 897. What is the hundreds digit of z?
2
Let y = 1064 + -714. Suppose y = -4*c - z + 2970, -5*c + 3276 = z. What is the units digit of c?
6
Let d(a) = 10*a - 29. Let b be 1/3*(32 + -17). Suppose -b*p - r = -0*p - 23, 2*r + 9 = p. What is the units digit of d(p)?
1
Let r(g) = -5*g + 54. Let b(a) = a + 1. Let l(h) = 4*b(h) - r(h). What is the tens digit of l(34)?
5
Suppose 35*c = -98*c + 30*c + 8132880. What is the thousands digit of c?
8
Let u = -11093 - -15274. What is the tens digit of u?
8
Suppose -2*p - 3*a = -8, -2*p - 3*a = p - 18. Suppose 16*n - p*n = 2880. What is the tens digit of n?
8
Suppose -8 = 3*j - 7*j. Let l(y) = 4*y**2 + 16*y - 28. Let n be l(-11). Suppose -j*t = -7*t + n. What is the tens digit of t?
5
Suppose 11 + 9 = 5*q. Let b be ((-39)/(-2))/(6/q). Suppose 10*l + 231 = b*l. What is the tens digit of l?
7
Let l = 6 + -24. Suppose -2*a + 4*f + 214 = 0, 37*a + f + 103 = 38*a. Let p = l + a. What is the units digit of p?
1
Let i = 1829 - 1629. Suppose -3*k = 5*p + 360, -5*p - 235 = 5*k + 365. Let z = k + i. What is the units digit of z?
0
Suppose 3*u - 88 = -4*a - u, 102 = 5*a - 3*u. Suppose 0 = 19*o - a*o + 812. What is the units digit of o?
6
What is the units digit of 18180 + 0/2 - (-30)/60*-4?
8
What is the hundreds digit of (465*4/24)/((-4)/(-328))?
3
Suppose -8*y + 5*y = -15, -4*y - 1544 = -4*z. Suppose 3*p = 2*p - s + 383, p = s + z. What is the hundreds digit of p?
3
Suppose 43*s + 7*s = 209350. Suppose -11*h + s - 1525 = 0. What is the hundreds digit of h?
2
Suppose -21*u + 82 = -23. Suppose -z = -u*w + 1896, 2*z - 1892 = -5*w + 4*z. What is the units digit of w?
0
Let u(k) = 194*k**2 + 172*k - 1428. What is the units digit of u(8)?
4
Suppose -7296 = -5*w - 366*y + 365*y, -4*y = -w + 1434. What is the hundreds digit of w?
4
Let z(y) = -421*y - 1777. What is the units digit of z(-28)?
1
Let o be 610/2 + (-2 - -7 - 2). Suppose 5*d - d - i = o, -4*i = -d + 77. Suppose -143 = -5*c + d. What is the units digit of c?
4
Let t = 10 - -2532. Let w = -1056 + t. What is the thousands digit of w?
1
What is the hundreds digit of (-122 - 510)*(9/4)/(-1)?
4
Let i be 4/(-1)*(341 - 3). Let h = -791 - i. What is the hundreds digit of h?
5
Let f(d) be the third derivative of d**4/6 - 5*d**3/3 - 7*d**2. Let t be f(3). Let q = t + 46. What is the units digit of q?
8
Suppose 16 = -3*t - 2. Let u be (-4675)/(-30) - 1/t. Suppose -u = -5*s + 3*v + 371, 5*s + v - 531 = 0. What is the hundreds digit of s?
1
Let i = -125 - -130. Suppose i*n = -5*w + 4355, -5*w + 5*n + 324 + 3991 = 0. What is the tens digit of w?
6
Suppose j = -o + 3750, -o + 51 - 46 = 0. What is the hundreds digit of j?
7
Let h = 13520 - 9321. What is the hundreds digit of h?
1
Let b(r) = 9*r - 11 + 2*r + 0*r + r**2 - 6. Let v be b(-13). What is the units digit of (-72)/(-10)*((-30)/v)/(-1)?
4
Let v = -35 - -38. Let r(d) = 4 - 4 - 5 + 4*d - 5*d**2 + 4*d**v. What is the units digit of r(3)?
0
Suppose -5*x + 5*h - 225848 = 3*h, 4*h - 16 = 0. What is the units digit of (-4)/(-14) - (10 - x/(-84))?
8
What is the tens digit of 11/22*-1*(-51355 - 3/(-3))?
7
Let w be 2/(51680/(-8615) + 6). Suppose 0 = -27*v - 103 + w. What is the units digit of v?
0
Suppose -2*g + 9030 = -o, 6*o + 22541 = 5*g + 12*o. What is the thousands digit of g?
4
Suppose 565*n = 567*n - 12. What is the tens digit of 2/(n/63*(-18)/(-48))?
5
Let f be 688/12*3/(-2). Let g be f/(-14) + 5/(-35). Let u(x) = 15*x + 2. What is the units digit of u(g)?
2
Suppose -28*b = -4071 - 2593. What is the tens digit of b?
3
Suppose 0 = 2*b + a + 120, b - 5*a = -30 - 19. Suppose 5*r + 3*l = -115, -44*r - 3*l + 65 = -48*r. Let q = r - b. What is the tens digit of q?
3
Suppose 28 = 4*g + 3*g. Let h(k) = 3*k**3 + g*k + 13*k**2 - 2*k**3 + 13 + 0*k + 2*k. What is the units digit of h(-12)?
5
Suppose p - 1858 = -3*v, -5*v + 2*p + 3082 = -0*p. Let m = -265 + v. What is the units digit of m?
3
Suppose 0 = -0*c - 3*c. Suppose 5*k + 2*j - 3 = c, -2*k + 1 = 3*j + 2. What is the units digit of k/((-4 - (-10)/4)/(-12))?
8
Suppose 4328 = 4*a - 5656 - 29904. What is the hundreds digit of a?
9
Suppose -65*d = -63*d - 6. Suppose 2*i = l + 1324, -3*l - 382 = -d*i + 1598. What is the units digit of i?
4
Let j(z) = -8*z + 23*z + 0*z**2 - 1 - 4*z + 2*z**2 - 8*z. Suppose 7*h - 2*h = -15. What is the units digit of j(h)?
8
Suppose 0 = 18*b - 16*b - 932. Let z = 398 + -83. Let v = b - z. What is the hundreds digit of v?
1
Suppose -63*y - 33 = -66*y. Let v = y + 52. What is the units digit of v?
3
Let q(j) = -151*j - 8. Let z be q(-8). Suppose 0 = 5*w + d - 5 - 3, 3*w = 3*d + 12. Suppose w*s - 7*s + z = 0. What is the tens digit of s?
4
Let x(h) = -h**3 + 9*h**2 - 8*h + 14. Suppose -4*g - 2*b = -7*b - 3, 0 = 2*g + b - 5. Suppose g*i = 10, y + 2*i = -y + 24. What is the units digit of x(y)?
6
Let y(j) = j**2 + 16*j + 52. Let o be y(-5). What is the hundreds digit of (-35)/45*o*63?
1
Suppose 3*m - 9*h + 7*h = 1004, 4*m - 3*h - 1337 = 0. Suppose 345*p - 4613 = m*p. What is the hundreds digit of p?
6
Suppose 5*x - 21204 = 4*f, 3*f + 4232 = 2*x - x. What is the units digit of x?
4
Let f(w) = -17*w - 1. Let t be f(1). Let k be (12/t*3)/(2/(-4)). Suppose k*u + 1728 = 16*u. What is the units digit of u?
4
Suppose 3*x + 5*x = 16. Suppose -5*w = -z + 118, z + x*z - 3*w - 402 = 0. What is the units digit of z?
8
Sup